{"id":2069,"date":"2024-11-10T15:52:02","date_gmt":"2024-11-10T14:52:02","guid":{"rendered":"https:\/\/svamv.site-preview.ch\/download\/linteret-superieur-de-lenfant-en-periode-exceptionnelle\/"},"modified":"2024-11-10T15:52:02","modified_gmt":"2024-11-10T14:52:02","slug":"linteret-superieur-de-lenfant-en-periode-exceptionnelle","status":"publish","type":"indy-download","link":"https:\/\/svamv.ch\/fr\/download\/linteret-superieur-de-lenfant-en-periode-exceptionnelle\/","title":{"rendered":"L&rsquo;int\u00e9r\u00eat sup\u00e9rieur de l&rsquo;enfant en p\u00e9riode exceptionnelle"},"template":"","indy-keyword":[56,57],"class_list":["post-2069","indy-download","type-indy-download","status-publish","hentry","indy-keyword-bien-etre-de-lenfant","indy-keyword-entree-dans-la-famille-monoparentale"],"acf":[],"yoast_head":"<!-- This site is optimized with the Yoast SEO plugin v27.5 - https:\/\/yoast.com\/product\/yoast-seo-wordpress\/ -->\n<title>L&#039;int\u00e9r\u00eat sup\u00e9rieur de l&#039;enfant en p\u00e9riode exceptionnelle - SVAMV<\/title>\n<meta name=\"robots\" content=\"index, follow, max-snippet:-1, max-image-preview:large, max-video-preview:-1\" \/>\n<link rel=\"canonical\" href=\"https:\/\/svamv.ch\/fr\/download\/linteret-superieur-de-lenfant-en-periode-exceptionnelle\/\" \/>\n<meta property=\"og:locale\" content=\"fr_FR\" \/>\n<meta property=\"og:type\" content=\"article\" \/>\n<meta property=\"og:title\" content=\"L&#039;int\u00e9r\u00eat sup\u00e9rieur de l&#039;enfant en p\u00e9riode exceptionnelle - SVAMV\" \/>\n<meta property=\"og:url\" content=\"https:\/\/svamv.ch\/fr\/download\/linteret-superieur-de-lenfant-en-periode-exceptionnelle\/\" \/>\n<meta property=\"og:site_name\" content=\"SVAMV\" \/>\n<meta name=\"twitter:card\" content=\"summary_large_image\" \/>\n<script type=\"application\/ld+json\" class=\"yoast-schema-graph\">{\"@context\":\"https:\\\/\\\/schema.org\",\"@graph\":[{\"@type\":\"WebPage\",\"@id\":\"https:\\\/\\\/svamv.ch\\\/fr\\\/download\\\/linteret-superieur-de-lenfant-en-periode-exceptionnelle\\\/\",\"url\":\"https:\\\/\\\/svamv.ch\\\/fr\\\/download\\\/linteret-superieur-de-lenfant-en-periode-exceptionnelle\\\/\",\"name\":\"L'int\u00e9r\u00eat sup\u00e9rieur de l'enfant en p\u00e9riode exceptionnelle - SVAMV\",\"isPartOf\":{\"@id\":\"https:\\\/\\\/svamv.ch\\\/fr\\\/#website\"},\"datePublished\":\"2024-11-10T14:52:02+00:00\",\"breadcrumb\":{\"@id\":\"https:\\\/\\\/svamv.ch\\\/fr\\\/download\\\/linteret-superieur-de-lenfant-en-periode-exceptionnelle\\\/#breadcrumb\"},\"inLanguage\":\"fr-FR\",\"potentialAction\":[{\"@type\":\"ReadAction\",\"target\":[\"https:\\\/\\\/svamv.ch\\\/fr\\\/download\\\/linteret-superieur-de-lenfant-en-periode-exceptionnelle\\\/\"]}]},{\"@type\":\"BreadcrumbList\",\"@id\":\"https:\\\/\\\/svamv.ch\\\/fr\\\/download\\\/linteret-superieur-de-lenfant-en-periode-exceptionnelle\\\/#breadcrumb\",\"itemListElement\":[{\"@type\":\"ListItem\",\"position\":1,\"name\":\"Startseite\",\"item\":\"https:\\\/\\\/svamv.ch\\\/fr\\\/\"},{\"@type\":\"ListItem\",\"position\":2,\"name\":\"L&rsquo;int\u00e9r\u00eat sup\u00e9rieur de l&rsquo;enfant en p\u00e9riode exceptionnelle\"}]},{\"@type\":\"WebSite\",\"@id\":\"https:\\\/\\\/svamv.ch\\\/fr\\\/#website\",\"url\":\"https:\\\/\\\/svamv.ch\\\/fr\\\/\",\"name\":\"SVAMV\",\"description\":\"Allein erziehen einfacher gemacht\",\"potentialAction\":[{\"@type\":\"SearchAction\",\"target\":{\"@type\":\"EntryPoint\",\"urlTemplate\":\"https:\\\/\\\/svamv.ch\\\/fr\\\/?s={search_term_string}\"},\"query-input\":{\"@type\":\"PropertyValueSpecification\",\"valueRequired\":true,\"valueName\":\"search_term_string\"}}],\"inLanguage\":\"fr-FR\"}]}<\/script>\n<!-- \/ Yoast SEO plugin. -->","yoast_head_json":{"title":"L'int\u00e9r\u00eat sup\u00e9rieur de l'enfant en p\u00e9riode exceptionnelle - SVAMV","robots":{"index":"index","follow":"follow","max-snippet":"max-snippet:-1","max-image-preview":"max-image-preview:large","max-video-preview":"max-video-preview:-1"},"canonical":"https:\/\/svamv.ch\/fr\/download\/linteret-superieur-de-lenfant-en-periode-exceptionnelle\/","og_locale":"fr_FR","og_type":"article","og_title":"L'int\u00e9r\u00eat sup\u00e9rieur de l'enfant en p\u00e9riode exceptionnelle - SVAMV","og_url":"https:\/\/svamv.ch\/fr\/download\/linteret-superieur-de-lenfant-en-periode-exceptionnelle\/","og_site_name":"SVAMV","twitter_card":"summary_large_image","schema":{"@context":"https:\/\/schema.org","@graph":[{"@type":"WebPage","@id":"https:\/\/svamv.ch\/fr\/download\/linteret-superieur-de-lenfant-en-periode-exceptionnelle\/","url":"https:\/\/svamv.ch\/fr\/download\/linteret-superieur-de-lenfant-en-periode-exceptionnelle\/","name":"L'int\u00e9r\u00eat sup\u00e9rieur de l'enfant en p\u00e9riode exceptionnelle - SVAMV","isPartOf":{"@id":"https:\/\/svamv.ch\/fr\/#website"},"datePublished":"2024-11-10T14:52:02+00:00","breadcrumb":{"@id":"https:\/\/svamv.ch\/fr\/download\/linteret-superieur-de-lenfant-en-periode-exceptionnelle\/#breadcrumb"},"inLanguage":"fr-FR","potentialAction":[{"@type":"ReadAction","target":["https:\/\/svamv.ch\/fr\/download\/linteret-superieur-de-lenfant-en-periode-exceptionnelle\/"]}]},{"@type":"BreadcrumbList","@id":"https:\/\/svamv.ch\/fr\/download\/linteret-superieur-de-lenfant-en-periode-exceptionnelle\/#breadcrumb","itemListElement":[{"@type":"ListItem","position":1,"name":"Startseite","item":"https:\/\/svamv.ch\/fr\/"},{"@type":"ListItem","position":2,"name":"L&rsquo;int\u00e9r\u00eat sup\u00e9rieur de l&rsquo;enfant en p\u00e9riode exceptionnelle"}]},{"@type":"WebSite","@id":"https:\/\/svamv.ch\/fr\/#website","url":"https:\/\/svamv.ch\/fr\/","name":"SVAMV","description":"Allein erziehen einfacher gemacht","potentialAction":[{"@type":"SearchAction","target":{"@type":"EntryPoint","urlTemplate":"https:\/\/svamv.ch\/fr\/?s={search_term_string}"},"query-input":{"@type":"PropertyValueSpecification","valueRequired":true,"valueName":"search_term_string"}}],"inLanguage":"fr-FR"}]}},"_links":{"self":[{"href":"https:\/\/svamv.ch\/fr\/wp-json\/wp\/v2\/indy-download\/2069","targetHints":{"allow":["GET"]}}],"collection":[{"href":"https:\/\/svamv.ch\/fr\/wp-json\/wp\/v2\/indy-download"}],"about":[{"href":"https:\/\/svamv.ch\/fr\/wp-json\/wp\/v2\/types\/indy-download"}],"wp:attachment":[{"href":"https:\/\/svamv.ch\/fr\/wp-json\/wp\/v2\/media?parent=2069"}],"wp:term":[{"taxonomy":"indy-keyword","embeddable":true,"href":"https:\/\/svamv.ch\/fr\/wp-json\/wp\/v2\/indy-keyword?post=2069"}],"curies":[{"name":"wp","href":"https:\/\/api.w.org\/{rel}","templated":true}]}}

L&rsquo;intérêt supérieur de l&rsquo;enfant en période exceptionnelle

<!-- This site is optimized with the Yoast SEO plugin v27.5 - https://yoast.com/product/yoast-seo-wordpress/ -->
<title>L&#039;intérêt supérieur de l&#039;enfant en période exceptionnelle - SVAMV</title>
<meta name="robots" content="index, follow, max-snippet:-1, max-image-preview:large, max-video-preview:-1" />
<link rel="canonical" href="https://svamv.ch/fr/download/linteret-superieur-de-lenfant-en-periode-exceptionnelle/" />
<meta property="og:locale" content="fr_FR" />
<meta property="og:type" content="article" />
<meta property="og:title" content="L&#039;intérêt supérieur de l&#039;enfant en période exceptionnelle - SVAMV" />
<meta property="og:url" content="https://svamv.ch/fr/download/linteret-superieur-de-lenfant-en-periode-exceptionnelle/" />
<meta property="og:site_name" content="SVAMV" />
<meta name="twitter:card" content="summary_large_image" />
<script type="application/ld+json" class="yoast-schema-graph">{"@context":"https:\/\/schema.org","@graph":[{"@type":"WebPage","@id":"https:\/\/svamv.ch\/fr\/download\/linteret-superieur-de-lenfant-en-periode-exceptionnelle\/","url":"https:\/\/svamv.ch\/fr\/download\/linteret-superieur-de-lenfant-en-periode-exceptionnelle\/","name":"L'intérêt supérieur de l'enfant en période exceptionnelle - SVAMV","isPartOf":{"@id":"https:\/\/svamv.ch\/fr\/#website"},"datePublished":"2024-11-10T14:52:02+00:00","breadcrumb":{"@id":"https:\/\/svamv.ch\/fr\/download\/linteret-superieur-de-lenfant-en-periode-exceptionnelle\/#breadcrumb"},"inLanguage":"fr-FR","potentialAction":[{"@type":"ReadAction","target":["https:\/\/svamv.ch\/fr\/download\/linteret-superieur-de-lenfant-en-periode-exceptionnelle\/"]}]},{"@type":"BreadcrumbList","@id":"https:\/\/svamv.ch\/fr\/download\/linteret-superieur-de-lenfant-en-periode-exceptionnelle\/#breadcrumb","itemListElement":[{"@type":"ListItem","position":1,"name":"Startseite","item":"https:\/\/svamv.ch\/fr\/"},{"@type":"ListItem","position":2,"name":"L&rsquo;intérêt supérieur de l&rsquo;enfant en période exceptionnelle"}]},{"@type":"WebSite","@id":"https:\/\/svamv.ch\/fr\/#website","url":"https:\/\/svamv.ch\/fr\/","name":"SVAMV","description":"Allein erziehen einfacher gemacht","potentialAction":[{"@type":"SearchAction","target":{"@type":"EntryPoint","urlTemplate":"https:\/\/svamv.ch\/fr\/?s={search_term_string}"},"query-input":{"@type":"PropertyValueSpecification","valueRequired":true,"valueName":"search_term_string"}}],"inLanguage":"fr-FR"}]}</script>
<!-- / Yoast SEO plugin. -->

L'intérêt supérieur de l'enfant en période exceptionnelle - SVAMV
