{"id":1691,"date":"2024-10-13T13:39:15","date_gmt":"2024-10-13T11:39:15","guid":{"rendered":"https:\/\/svamv.site-preview.ch\/thema\/impots\/"},"modified":"2024-12-18T17:03:59","modified_gmt":"2024-12-18T16:03:59","slug":"impots","status":"publish","type":"indy-topic","link":"https:\/\/svamv.ch\/fr\/sujet\/impots\/","title":{"rendered":"Imp\u00f4ts"},"content":{"rendered":"\n<h2 class=\"wp-block-heading\">Pensions alimentaires pour les enfants mineurs<\/h2>\n\n<p>Les pensions alimentaires pour les enfants mineurs sont imposables en tant que revenu pour le parent auquel elles sont vers\u00e9es. Le parent qui verse la pension alimentaire peut la d\u00e9duire int\u00e9gralement du point de vue fiscal. <\/p>\n\n<h2 class=\"wp-block-heading\">Pensions alimentaires pour les enfants majeurs<\/h2>\n\n<p>En revanche, les pensions alimentaires pour les enfants majeurs sont vers\u00e9es directement \u00e0 l&rsquo;enfant. Elles sont donc trait\u00e9es fiscalement comme les autres d\u00e9penses que les parents engagent pour l&rsquo;entretien de leurs enfants : elles ne sont pas d\u00e9ductibles et ne doivent pas \u00eatre impos\u00e9es comme revenu par l&rsquo;enfant majeur. <\/p>\n\n<h2 class=\"wp-block-heading\">Le r\u00e9gime des obligations parentales et les imp\u00f4ts<\/h2>\n\n<p>L&rsquo;octroi des diff\u00e9rentes d\u00e9ductions et bar\u00e8mes fiscaux relatifs aux enfants est r\u00e9gi par des r\u00e8gles diff\u00e9rentes et complexes. Selon les cas, ils sont bas\u00e9s sur l&rsquo;autorit\u00e9 parentale, le versement d&rsquo;une pension alimentaire ou la garde d&rsquo;enfants.   <\/p>\n\n<h2 class=\"wp-block-heading\">Imp\u00f4t f\u00e9d\u00e9ral direct : d\u00e9duction des frais de garde d&rsquo;enfants<\/h2>\n\n<p>Si les parents sont s\u00e9par\u00e9s et d\u00e9tiennent conjointement l&rsquo;autorit\u00e9 parentale, l&rsquo;imp\u00f4t f\u00e9d\u00e9ral se r\u00e9f\u00e8re \u00e0 la r\u00e9glementation de la garde. Ainsi, la d\u00e9duction des frais de garde des enfants par des tiers est accord\u00e9e au parent qui vit avec l&rsquo;enfant (garde exclusive) et qui exerce une activit\u00e9 professionnelle. En cas de garde altern\u00e9e, les parents peuvent se r\u00e9partir entre eux la d\u00e9duction des frais de garde d&rsquo;enfants prouv\u00e9s. Les frais r\u00e9clam\u00e9s par les parents, additionn\u00e9s, ne peuvent pas d\u00e9passer la d\u00e9duction maximale accord\u00e9e.   <\/p>\n\n<h2 class=\"wp-block-heading\">Imp\u00f4t f\u00e9d\u00e9ral direct : bar\u00e8me parental<\/h2>\n\n<p>Si les parents vivent dans deux m\u00e9nages, celui qui vit avec l&rsquo;enfant, c&rsquo;est-\u00e0-dire qui en a la garde exclusive, est impos\u00e9 au bar\u00e8me parental. En cas de garde altern\u00e9e, le parent qui a le revenu net le plus \u00e9lev\u00e9 re\u00e7oit le bar\u00e8me parental, car il est consid\u00e9r\u00e9 comme subvenant principalement aux besoins de l&rsquo;enfant. <\/p>\n\n<p><br\/><\/p>\n","protected":false},"excerpt":{"rendered":"<p>Pensions alimentaires pour les enfants mineurs Les pensions alimentaires pour les enfants mineurs sont imposables en tant que revenu pour le parent auquel elles sont vers\u00e9es. Le parent qui verse la pension alimentaire peut la d\u00e9duire int\u00e9gralement du point de vue fiscal. Pensions alimentaires pour les enfants majeurs En revanche, les pensions alimentaires pour les [&hellip;]<\/p>\n","protected":false},"template":"","indy-keyword":[82,64],"class_list":["post-1691","indy-topic","type-indy-topic","status-publish","hentry","indy-keyword-impots","indy-keyword-pension-alimentaire"],"acf":[],"yoast_head":"<!-- This site is optimized with the Yoast SEO plugin v27.5 - https:\/\/yoast.com\/product\/yoast-seo-wordpress\/ -->\n<title>Imp\u00f4ts - SVAMV<\/title>\n<meta name=\"robots\" content=\"index, follow, max-snippet:-1, max-image-preview:large, max-video-preview:-1\" \/>\n<link rel=\"canonical\" href=\"https:\/\/svamv.ch\/fr\/sujet\/impots\/\" \/>\n<meta property=\"og:locale\" content=\"fr_FR\" \/>\n<meta property=\"og:type\" content=\"article\" \/>\n<meta property=\"og:title\" content=\"Imp\u00f4ts - SVAMV\" \/>\n<meta property=\"og:description\" content=\"Pensions alimentaires pour les enfants mineurs Les pensions alimentaires pour les enfants mineurs sont imposables en tant que revenu pour le parent auquel elles sont vers\u00e9es. Le parent qui verse la pension alimentaire peut la d\u00e9duire int\u00e9gralement du point de vue fiscal. Pensions alimentaires pour les enfants majeurs En revanche, les pensions alimentaires pour les [&hellip;]\" \/>\n<meta property=\"og:url\" content=\"https:\/\/svamv.ch\/fr\/sujet\/impots\/\" \/>\n<meta property=\"og:site_name\" content=\"SVAMV\" \/>\n<meta property=\"article:modified_time\" content=\"2024-12-18T16:03:59+00:00\" \/>\n<meta name=\"twitter:card\" content=\"summary_large_image\" \/>\n<meta name=\"twitter:label1\" content=\"Dur\u00e9e de lecture estim\u00e9e\" \/>\n\t<meta name=\"twitter:data1\" content=\"2 minutes\" \/>\n<script type=\"application\/ld+json\" class=\"yoast-schema-graph\">{\"@context\":\"https:\\\/\\\/schema.org\",\"@graph\":[{\"@type\":\"WebPage\",\"@id\":\"https:\\\/\\\/svamv.ch\\\/fr\\\/sujet\\\/impots\\\/\",\"url\":\"https:\\\/\\\/svamv.ch\\\/fr\\\/sujet\\\/impots\\\/\",\"name\":\"Imp\u00f4ts - SVAMV\",\"isPartOf\":{\"@id\":\"https:\\\/\\\/svamv.ch\\\/fr\\\/#website\"},\"datePublished\":\"2024-10-13T11:39:15+00:00\",\"dateModified\":\"2024-12-18T16:03:59+00:00\",\"breadcrumb\":{\"@id\":\"https:\\\/\\\/svamv.ch\\\/fr\\\/sujet\\\/impots\\\/#breadcrumb\"},\"inLanguage\":\"fr-FR\",\"potentialAction\":[{\"@type\":\"ReadAction\",\"target\":[\"https:\\\/\\\/svamv.ch\\\/fr\\\/sujet\\\/impots\\\/\"]}]},{\"@type\":\"BreadcrumbList\",\"@id\":\"https:\\\/\\\/svamv.ch\\\/fr\\\/sujet\\\/impots\\\/#breadcrumb\",\"itemListElement\":[{\"@type\":\"ListItem\",\"position\":1,\"name\":\"Startseite\",\"item\":\"https:\\\/\\\/svamv.ch\\\/fr\\\/\"},{\"@type\":\"ListItem\",\"position\":2,\"name\":\"Topics\",\"item\":\"https:\\\/\\\/svamv.ch\\\/fr\\\/sujet\\\/\"},{\"@type\":\"ListItem\",\"position\":3,\"name\":\"Imp\u00f4ts\"}]},{\"@type\":\"WebSite\",\"@id\":\"https:\\\/\\\/svamv.ch\\\/fr\\\/#website\",\"url\":\"https:\\\/\\\/svamv.ch\\\/fr\\\/\",\"name\":\"SVAMV\",\"description\":\"Allein erziehen einfacher gemacht\",\"potentialAction\":[{\"@type\":\"SearchAction\",\"target\":{\"@type\":\"EntryPoint\",\"urlTemplate\":\"https:\\\/\\\/svamv.ch\\\/fr\\\/?s={search_term_string}\"},\"query-input\":{\"@type\":\"PropertyValueSpecification\",\"valueRequired\":true,\"valueName\":\"search_term_string\"}}],\"inLanguage\":\"fr-FR\"}]}<\/script>\n<!-- \/ Yoast SEO plugin. -->","yoast_head_json":{"title":"Imp\u00f4ts - SVAMV","robots":{"index":"index","follow":"follow","max-snippet":"max-snippet:-1","max-image-preview":"max-image-preview:large","max-video-preview":"max-video-preview:-1"},"canonical":"https:\/\/svamv.ch\/fr\/sujet\/impots\/","og_locale":"fr_FR","og_type":"article","og_title":"Imp\u00f4ts - SVAMV","og_description":"Pensions alimentaires pour les enfants mineurs Les pensions alimentaires pour les enfants mineurs sont imposables en tant que revenu pour le parent auquel elles sont vers\u00e9es. Le parent qui verse la pension alimentaire peut la d\u00e9duire int\u00e9gralement du point de vue fiscal. Pensions alimentaires pour les enfants majeurs En revanche, les pensions alimentaires pour les [&hellip;]","og_url":"https:\/\/svamv.ch\/fr\/sujet\/impots\/","og_site_name":"SVAMV","article_modified_time":"2024-12-18T16:03:59+00:00","twitter_card":"summary_large_image","twitter_misc":{"Dur\u00e9e de lecture estim\u00e9e":"2 minutes"},"schema":{"@context":"https:\/\/schema.org","@graph":[{"@type":"WebPage","@id":"https:\/\/svamv.ch\/fr\/sujet\/impots\/","url":"https:\/\/svamv.ch\/fr\/sujet\/impots\/","name":"Imp\u00f4ts - SVAMV","isPartOf":{"@id":"https:\/\/svamv.ch\/fr\/#website"},"datePublished":"2024-10-13T11:39:15+00:00","dateModified":"2024-12-18T16:03:59+00:00","breadcrumb":{"@id":"https:\/\/svamv.ch\/fr\/sujet\/impots\/#breadcrumb"},"inLanguage":"fr-FR","potentialAction":[{"@type":"ReadAction","target":["https:\/\/svamv.ch\/fr\/sujet\/impots\/"]}]},{"@type":"BreadcrumbList","@id":"https:\/\/svamv.ch\/fr\/sujet\/impots\/#breadcrumb","itemListElement":[{"@type":"ListItem","position":1,"name":"Startseite","item":"https:\/\/svamv.ch\/fr\/"},{"@type":"ListItem","position":2,"name":"Topics","item":"https:\/\/svamv.ch\/fr\/sujet\/"},{"@type":"ListItem","position":3,"name":"Imp\u00f4ts"}]},{"@type":"WebSite","@id":"https:\/\/svamv.ch\/fr\/#website","url":"https:\/\/svamv.ch\/fr\/","name":"SVAMV","description":"Allein erziehen einfacher gemacht","potentialAction":[{"@type":"SearchAction","target":{"@type":"EntryPoint","urlTemplate":"https:\/\/svamv.ch\/fr\/?s={search_term_string}"},"query-input":{"@type":"PropertyValueSpecification","valueRequired":true,"valueName":"search_term_string"}}],"inLanguage":"fr-FR"}]}},"_links":{"self":[{"href":"https:\/\/svamv.ch\/fr\/wp-json\/wp\/v2\/indy-topic\/1691","targetHints":{"allow":["GET"]}}],"collection":[{"href":"https:\/\/svamv.ch\/fr\/wp-json\/wp\/v2\/indy-topic"}],"about":[{"href":"https:\/\/svamv.ch\/fr\/wp-json\/wp\/v2\/types\/indy-topic"}],"wp:attachment":[{"href":"https:\/\/svamv.ch\/fr\/wp-json\/wp\/v2\/media?parent=1691"}],"wp:term":[{"taxonomy":"indy-keyword","embeddable":true,"href":"https:\/\/svamv.ch\/fr\/wp-json\/wp\/v2\/indy-keyword?post=1691"}],"curies":[{"name":"wp","href":"https:\/\/api.w.org\/{rel}","templated":true}]}}

Impôts

<h2 class="wp-block-heading">Pensions alimentaires pour les enfants mineurs</h2>

<p>Les pensions alimentaires pour les enfants mineurs sont imposables en tant que revenu pour le parent auquel elles sont versées. Le parent qui verse la pension alimentaire peut la déduire intégralement du point de vue fiscal. </p>

<h2 class="wp-block-heading">Pensions alimentaires pour les enfants majeurs</h2>

<p>En revanche, les pensions alimentaires pour les enfants majeurs sont versées directement à l&rsquo;enfant. Elles sont donc traitées fiscalement comme les autres dépenses que les parents engagent pour l&rsquo;entretien de leurs enfants : elles ne sont pas déductibles et ne doivent pas être imposées comme revenu par l&rsquo;enfant majeur. </p>

<h2 class="wp-block-heading">Le régime des obligations parentales et les impôts</h2>

<p>L&rsquo;octroi des différentes déductions et barèmes fiscaux relatifs aux enfants est régi par des règles différentes et complexes. Selon les cas, ils sont basés sur l&rsquo;autorité parentale, le versement d&rsquo;une pension alimentaire ou la garde d&rsquo;enfants.   </p>

<h2 class="wp-block-heading">Impôt fédéral direct : déduction des frais de garde d&rsquo;enfants</h2>

<p>Si les parents sont séparés et détiennent conjointement l&rsquo;autorité parentale, l&rsquo;impôt fédéral se réfère à la réglementation de la garde. Ainsi, la déduction des frais de garde des enfants par des tiers est accordée au parent qui vit avec l&rsquo;enfant (garde exclusive) et qui exerce une activité professionnelle. En cas de garde alternée, les parents peuvent se répartir entre eux la déduction des frais de garde d&rsquo;enfants prouvés. Les frais réclamés par les parents, additionnés, ne peuvent pas dépasser la déduction maximale accordée.   </p>

<h2 class="wp-block-heading">Impôt fédéral direct : barème parental</h2>

<p>Si les parents vivent dans deux ménages, celui qui vit avec l&rsquo;enfant, c&rsquo;est-à-dire qui en a la garde exclusive, est imposé au barème parental. En cas de garde alternée, le parent qui a le revenu net le plus élevé reçoit le barème parental, car il est considéré comme subvenant principalement aux besoins de l&rsquo;enfant. </p>

<p><br/></p>

<p>Pensions alimentaires pour les enfants mineurs Les pensions alimentaires pour les enfants mineurs sont imposables en tant que revenu pour le parent auquel elles sont versées. Le parent qui verse la pension alimentaire peut la déduire intégralement du point de vue fiscal. Pensions alimentaires pour les enfants majeurs En revanche, les pensions alimentaires pour les [&hellip;]</p>

<!-- This site is optimized with the Yoast SEO plugin v27.5 - https://yoast.com/product/yoast-seo-wordpress/ -->
<title>Impôts - SVAMV</title>
<meta name="robots" content="index, follow, max-snippet:-1, max-image-preview:large, max-video-preview:-1" />
<link rel="canonical" href="https://svamv.ch/fr/sujet/impots/" />
<meta property="og:locale" content="fr_FR" />
<meta property="og:type" content="article" />
<meta property="og:title" content="Impôts - SVAMV" />
<meta property="og:description" content="Pensions alimentaires pour les enfants mineurs Les pensions alimentaires pour les enfants mineurs sont imposables en tant que revenu pour le parent auquel elles sont versées. Le parent qui verse la pension alimentaire peut la déduire intégralement du point de vue fiscal. Pensions alimentaires pour les enfants majeurs En revanche, les pensions alimentaires pour les [&hellip;]" />
<meta property="og:url" content="https://svamv.ch/fr/sujet/impots/" />
<meta property="og:site_name" content="SVAMV" />
<meta property="article:modified_time" content="2024-12-18T16:03:59+00:00" />
<meta name="twitter:card" content="summary_large_image" />
<meta name="twitter:label1" content="Durée de lecture estimée" />
	<meta name="twitter:data1" content="2 minutes" />
<script type="application/ld+json" class="yoast-schema-graph">{"@context":"https:\/\/schema.org","@graph":[{"@type":"WebPage","@id":"https:\/\/svamv.ch\/fr\/sujet\/impots\/","url":"https:\/\/svamv.ch\/fr\/sujet\/impots\/","name":"Impôts - SVAMV","isPartOf":{"@id":"https:\/\/svamv.ch\/fr\/#website"},"datePublished":"2024-10-13T11:39:15+00:00","dateModified":"2024-12-18T16:03:59+00:00","breadcrumb":{"@id":"https:\/\/svamv.ch\/fr\/sujet\/impots\/#breadcrumb"},"inLanguage":"fr-FR","potentialAction":[{"@type":"ReadAction","target":["https:\/\/svamv.ch\/fr\/sujet\/impots\/"]}]},{"@type":"BreadcrumbList","@id":"https:\/\/svamv.ch\/fr\/sujet\/impots\/#breadcrumb","itemListElement":[{"@type":"ListItem","position":1,"name":"Startseite","item":"https:\/\/svamv.ch\/fr\/"},{"@type":"ListItem","position":2,"name":"Topics","item":"https:\/\/svamv.ch\/fr\/sujet\/"},{"@type":"ListItem","position":3,"name":"Impôts"}]},{"@type":"WebSite","@id":"https:\/\/svamv.ch\/fr\/#website","url":"https:\/\/svamv.ch\/fr\/","name":"SVAMV","description":"Allein erziehen einfacher gemacht","potentialAction":[{"@type":"SearchAction","target":{"@type":"EntryPoint","urlTemplate":"https:\/\/svamv.ch\/fr\/?s={search_term_string}"},"query-input":{"@type":"PropertyValueSpecification","valueRequired":true,"valueName":"search_term_string"}}],"inLanguage":"fr-FR"}]}</script>
<!-- / Yoast SEO plugin. -->

Impôts - SVAMV

Pensions alimentaires pour les enfants mineurs Les pensions alimentaires pour les enfants mineurs sont imposables en tant que revenu pour le parent auquel elles sont versées. Le parent qui verse la pension alimentaire peut la déduire intégralement du point de vue fiscal. Pensions alimentaires pour les enfants majeurs En revanche, les pensions alimentaires pour les [&hellip;]
